r - 16, -7 = -r + 2*j. Let w(g) = g**2 + g + 1. Determine w(r).
1
Let d(v) = v**2 + v + 1. Let l(s) = 12*s**2 + 31*s + 16. Let i(g) = -6*g**2 - 16*g - 8. Let j(w) = 7*i(w) + 4*l(w). Let f(n) = -5*d(n) + j(n). What is f(-5)?
-7
Let q(h) = h**3 + 2*h**2 - 4*h + 2. Let x be q(0). Let d(i) = 5*i. Determine d(x).
10
Let q(w) = -w + 4. Suppose 0 = -z + 2*l - 3, 0 = z + 5*l - 7 + 38. Give q(z).
15
Let r(c) be the third derivative of -c**5/60 - 19*c**4/24 - 11*c**3/2 - 69*c**2 + 3. Determine r(-17).
1
Let a(t) be the second derivative of -t**5/20 - t**4/3 + t**3 - 5*t**2/2 - 8*t + 2. Determine a(-5).
-10
Let q = 37 - 32. Let f(t) = -t**3 - 3 + q + 0 + 2*t - 2*t**2 + 0*t**2. Determine f(2).
-10
Let q(r) = -7*r**3 - 5*r**2 + 8*r + 5. Let a(d) = 19*d**3 + 13*d**2 - 23*d - 14. Let y(o) = 4*a(o) + 11*q(o). Determine y(-3).
11
Let p(k) be the second derivative of -k**3/6 + k**2/2 - 39*k - 6. What is p(-18)?
19
Let u(m) = -13*m + 14. Let j be u(6). Let z = j - -57. Let l(y) = 2*y + 8. Determine l(z).
-6
Let g(r) = -2*r**2 - 7*r + 9. Let p(f) = -3*f**2 - 7*f + 10. Let z(y) = 4*g(y) - 3*p(y). Suppose -14 = -2*v + 4. Suppose v = 4*d - 15. Calculate z(d).
0
Let v(o) = 2 + 15*o + 16*o - 58*o + 17*o. What is v(2)?
-18
Let f(l) be the second derivative of -l**5/20 + 5*l**4/12 - l**3/2 - l**2/2 - 183*l. Suppose 3*k + 8 = -m, 5*m + 3*k - 6 = 2. What is f(m)?
3
Let y(d) be the third derivative of d**6/360 - d**5/15 + 5*d**4/24 + 13*d**3/6 - 25*d**2. Let x(o) be the first derivative of y(o). Give x(6).
-7
Suppose 1 - 9 = r. Let v be 2/r - (-26)/8. Let m(h) = 4*h + 12. Let q(p) = -3*p - 10. Let c(b) = -4*m(b) - 5*q(b). Determine c(v).
-1
Let l = -140 + 111. Let x(f) = -f**2 - 30*f - 23. Calculate x(l).
6
Let q(p) = -2*p**2 - 3*p. Let x be -4*(6/4 + -1). Let w be q(x). Let r be (-3)/w - (-9)/(-2). Let o(y) = y**2 - 3. What is o(r)?
6
Let q = -246 + 250. Let k(t) = t**3 - 5*t**2 + 5*t - 8. Calculate k(q).
-4
Let s(w) = 43*w**2 + 3 - 962*w - 45*w**2 + 948*w + 1. Calculate s(-7).
4
Let z(q) be the third derivative of -1/3*q**3 + 11*q**2 + 0 - 1/24*q**4 + 0*q. Suppose -3*f - 4*g + 2 = 0, 2*f - 3*g + 8 = f. Calculate z(f).
0
Let c(k) = 1. Let a(s) = -s - 6. Suppose 0 = 4*v + 16. Let b be v/(-2)*(-7)/14. Let y(p) = b*a(p) - 6*c(p). Determine y(-2).
-2
Let b be (144/20)/(3/10). Suppose -32 = 4*l - b. Let t(n) = n**3 + n**2 + 2. Determine t(l).
-2
Let c(z) be the first derivative of z**4/4 - 5*z**3/3 + 3*z**2/2 - 2*z - 4. Suppose 4*p - 1 = 11. Suppose 7 = k + p. Give c(k).
-6
Let v(a) = -37 + a**2 - 11 - 15*a - 2. Determine v(18).
4
Let q(a) be the first derivative of a**3/3 - a**2 - 592. Let c be 2/3 + 8/6. What is q(c)?
0
Suppose -8 = -2*o - 2*b, -46 = 2*o - 4*b - 60. Let f(v) = -2*v + 2*v**2 - 4*v - v**3 + 7 + 4*v**2. What is f(o)?
2
Let c(l) = 3*l**2 + 41*l - 14. Let u be c(-14). Let k(h) be the second derivative of 3*h**2 - 5/6*h**3 + h + u + 1/12*h**4. Determine k(5).
6
Let q(d) = d**2 - 8*d + 4. Suppose 2*j - 28 - 24 = 0. Suppose 0 = 23*u - j*u + 18. What is q(u)?
-8
Let h(i) = 2*i + 9. Let l(m) = 30*m**2 - 2*m + 1. Let y be l(2). Let n be (-4)/(-6) - 780/y. Calculate h(n).
-3
Let w(y) = -y - 6. Let x(s) = -s - 5. Let p(o) = o + 5. Let v(a) = -5*p(a) - 6*x(a). Let u(j) = -5*v(j) - 4*w(j). What is u(4)?
-5
Let i be 4/22 - 371/(-77). Let m(n) = n**3 + 6 + 2*n + 2 - 14 + i - n**2. What is m(1)?
1
Suppose -5*s + 50 = 4*y, y - 6 = 3*s - 2. Let i be (-2)/6 + 21/9. Let v(q) = 25 + y*q**i - 25. Determine v(-1).
10
Suppose b + 55 = 6*b. Let s(o) = -o + 14. Let y be s(b). Let i(m) = 4*m**y - 5*m**3 - 6*m + 0*m**3 + 8 - 8*m**2. Determine i(-7).
1
Let u(x) = -x**2 + 11*x + 4. Let b = 72 + -62. What is u(b)?
14
Let w(c) = -c**3 - 19*c**2 - 2. Let v = 225 - 244. What is w(v)?
-2
Let f(z) = -1. Let h(y) = -7*y - 1 - 12*y + 11*y - 4. Let n(w) = -4*f(w) + h(w). What is n(1)?
-9
Suppose 0*l + 12 = -4*l. Let c(t) be the first derivative of t + 13. Let k(u) = -2*u - 10. Let o(y) = 6*c(y) + k(y). Determine o(l).
2
Suppose 0 = 4*o - 18 - 2, 8 = -f + 3*o. Let r(w) = -w**2 + 11*w - 7. What is r(f)?
21
Let q(z) = -5*z + 4 + z - 4*z**2 + z**3 + 9*z**2 - 2*z**2. Give q(-5).
-26
Let w be (42/(-8))/((-33)/44). Let i(s) = -4*s**2 + 3*s + 3. Let p(k) = 9*k**2 - 6*k - 7. Let g(h) = w*i(h) + 3*p(h). Give g(5).
-10
Let n(x) be the first derivative of x**4/4 - 8*x**3/3 + 4*x**2 - 10*x - 4. Calculate n(7).
-3
Suppose -7*z + 10 = -5*z. Let b(j) = -7*j + 1. Let p(x) = 2*x + 2. Let l(k) = b(k) + 3*p(k). Give l(z).
2
Let a(q) = -9*q**2 - 19*q + 7. Let g(s) = 13*s**2 + 28*s - 10. Let l(t) = -7*a(t) - 5*g(t). Give l(-5).
-14
Let y(w) = -w**3 + w**2 - w + 2. Let f = 9 - 7. Suppose -f*z = -4*u, 2*u - 4*z - z = -16. Suppose -u*l = 2*l. Calculate y(l).
2
Let t(n) = n**2 + 8*n + 31. Let p be t(-7). Let x(w) = -2*w + 46. Give x(p).
-2
Let q(p) = -p**2 - 10*p + 8. Let n be ((-1)/(1/2))/((-36)/(-90)). Let a(i) = i**2 + 10*i - 7. Let l(r) = n*q(r) - 6*a(r). Determine l(-9).
11
Let g(n) = -11*n**3 - 7*n**2 + 17*n. Let v(b) = -5*b**3 - 3*b**2 + 8*b. Let m(z) = 4*g(z) - 9*v(z). Suppose 3*f - 3*o - 12 = -6*o, -1 = -o. Give m(f).
6
Let y(v) = v**2 + 1. Let t(x) = -6*x**2 + 2*x - 3. Let n(g) = t(g) + 2*y(g). Suppose 15*j - 17 = -2. Calculate n(j).
-3
Let q(v) = 4*v**2 - 1. Let k = -268 - -267. Determine q(k).
3
Let v(a) = -a**2 + 13*a - 14. Let o = -173 + 183. Give v(o).
16
Let t(f) = -9*f**2 - 5*f + 7. Let j(b) = b. Let c(w) = 3*j(w) + t(w). Let r(i) = -4*i**2 - i + 4. Let z(h) = -4*c(h) + 7*r(h). Determine z(-1).
7
Let y(s) = 1099*s + 1093*s - 2189*s - 1. Suppose -9 = 4*c - 1. Give y(c).
-7
Let b = 176 + -185. Let k(j) = -j**3 - 10*j**2 - 9*j - 6. Give k(b).
-6
Let a(b) = b**2 + 3 - 3*b + b - 2*b**2. Let p(g) = 23*g + 893. Let k be p(-39). What is a(k)?
-5
Let y be (-9*5/(-30))/((-6)/(-16)). Let c(d) be the third derivative of -d**5/60 + d**4/6 + d**3/6 + 4*d**2. Give c(y).
1
Let o(c) = -c**3 + 4*c**2 + c + 3. Let h(p) = -3*p**2 + 8*p - 5. Let y be h(6). Let q = -61 - y. What is o(q)?
7
Let v(b) be the first derivative of b**3/3 + 4*b**2 - 25*b + 102. What is v(-11)?
8
Let y(d) = 1 - 9 - d + 5 - 2 - 16. Give y(-12).
-9
Let j(p) be the second derivative of -p**6/60 - p**4/24 + p**3/6 + 9*p**2 + 14*p. Let c(o) be the first derivative of j(o). What is c(1)?
-2
Let z(f) = f**3 - 13*f**2 - f - 3. Let c(h) = 6*h**3 - 66*h**2 - 5*h - 14. Let g(b) = 2*c(b) - 11*z(b). Calculate g(-11).
-6
Let y(u) be the first derivative of -u**4/4 + 10*u**3/3 + 3*u**2/2 + 6*u - 171. Calculate y(10).
36
Let g(l) be the third derivative of -l**6/60 + l**5/60 + l**4/24 + l**3/6 - 7*l**2. Suppose -2*r + 1 - 3 = 0, 0 = -q + r + 3. Calculate g(q).
-9
Let r(z) = z**3 - 8*z**2 + 9*z - 2. Let w be r(7). Suppose -15*s - 9 = -w*s. Let k(f) = f**3 + 5*f**2 + f - 4. What is k(s)?
11
Let q(x) = -2 - 4*x + 3*x + 2*x + x**3 - 7*x + 2*x**2. Give q(-4).
-10
Let i(d) be the first derivative of -d**3/6 + 9*d**2/2 - 14*d + 6. Let q(w) be the first derivative of i(w). Give q(4).
5
Let p(c) be the third derivative of -1/15*c**5 + 0*c - 5/24*c**4 + 7/6*c**3 + 1/120*c**6 + 0 + c**2. Let o = -144 - -149. Determine p(o).
7
Let h(d) = 27*d + 6. Let y(s) = -16*s - 3. Let n(p) = 6*h(p) + 10*y(p). Give n(-15).
-24
Let t be (7 - 10) + (-10)/(0 - 2). Let n(h) = -2*h + 3*h**3 - 3 + 4*h**t - 8*h**3 + 4 + 4*h**3. Suppose 2 = 3*u - 7. Calculate n(u).
4
Let q(i) = i**2 + 6*i - 1. Let g = -361 - -356. Determine q(g).
-6
Suppose -q + 9 - 7 = 0. Let m be 8*(-5)/(-10) + q. Let p(c) = -c**2 + 5*c - 9. Determine p(m).
-15
Let c be 21 - (-7 + (5 - 2)). Let i = c - 30. Let r(m) = -m - 9. Determine r(i).
-4
Suppose -q = 2*s + q - 4, 2*s + 2 = -4*q. Suppose -2*y = -y + 4*d + 14, -14 = -s*y + d. Let a(m) = -m**3 + m**2. Calculate a(y).
-4
Let o(w) be the third derivative of 5*w**4/24 - w**3/6 - w**2. Let t(l) = 2*l**3 + 78*l**2 - 17*l - 660. Let h be t(-39). What is o(h)?
14
Let t(q) = 19 + 16 - 5*q - 26 - 8*q**2 - q**3. Calculate t(-7).
-5
Let y = 560 - 564. Let x(q) be the third derivative of q**5/60 + q**4/4 + 5*q**3/6 + q**2. What is x(y)?
-3
Let x(v) = -v**2 - 5*v - 3. Suppose 497*n + 15 = 492*n. Give x(n).
3
Let r = 10 + -9. Let c(y) = 4*y**3 - 2*y**2 + 1. Let v be c(r). Let n(g) = 3 - 3*g**2 - 2*g + 4*g**2 - g**v + 4*g**2 - g**2. What is n(3)?
6
Let n(p) be the third derivative of 0*p +